7 a composite number?
False
Is 42957165409 composite?
False
Is 963599467 composite?
True
Is 192133671559 a prime number?
False
Is 1757994163 composite?
False
Is 6489585059 prime?
True
Is 293234113 composite?
False
Is 7072694897 prime?
False
Is 49677289201 a prime number?
True
Is 826907579 a composite number?
False
Is 16890542183 a prime number?
False
Is 3879114277 prime?
False
Is 4440119293 prime?
False
Is 25791852817 prime?
False
Is 956143477 a prime number?
False
Is 29189932489 prime?
True
Is 4745444803 a composite number?
True
Is 163060967 composite?
False
Is 1061163247 prime?
False
Is 4598444219 prime?
True
Is 167152378493 a composite number?
True
Is 235568951 prime?
True
Is 2248092221 a composite number?
True
Is 18401447073 a prime number?
False
Is 88487513311 a prime number?
False
Is 4457780531 composite?
False
Is 1810404467 a composite number?
False
Is 879201941 composite?
False
Is 46824630013 a composite number?
True
Is 57442236053 composite?
True
Is 528637103 a prime number?
False
Is 27955771 a prime number?
True
Is 19047501791 prime?
False
Is 22927706513 a composite number?
False
Is 39632017 a prime number?
True
Is 1906231897 a composite number?
True
Is 2304865609 composite?
False
Is 78841333 a composite number?
False
Is 513172459 a prime number?
True
Is 276905977 composite?
True
Is 21249502873 prime?
False
Is 453180259 prime?
False
Is 5199790133 a prime number?
True
Is 1320344041 prime?
True
Is 497884559 a composite number?
True
Is 300979709 a prime number?
False
Is 17478727951 composite?
True
Is 7633951327 composite?
False
Is 435780717 composite?
True
Is 84065239 prime?
False
Is 5920162337 a prime number?
True
Is 115655719 composite?
True
Is 3445406267 a composite number?
True
Is 44266069217 a composite number?
True
Is 31341665249 a prime number?
True
Is 554692379 prime?
True
Is 539041441 composite?
False
Is 16864228763 composite?
False
Is 135231320137 prime?
False
Is 5706040399 prime?
False
Is 3911183641 a prime number?
False
Is 1203902569 a prime number?
True
Is 392450323 a prime number?
True
Is 287769629987 composite?
True
Is 332225000797 prime?
False
Is 3157808111 prime?
True
Is 48407794349 composite?
True
Is 28203590267 prime?
False
Is 94066127 a composite number?
False
Is 4817266981 a composite number?
True
Is 36180574757 composite?
False
Is 131247931 composite?
False
Is 6020030707 a prime number?
False
Is 7860472814 a prime number?
False
Is 1558133111 composite?
True
Is 5029116107 a composite number?
True
Is 12422981419 a prime number?
True
Is 780847601 prime?
True
Is 1652398999 composite?
False
Is 19734275629 a prime number?
True
Is 3164850941 a prime number?
False
Is 114680161 a prime number?
True
Is 4059533473 prime?
True
Is 2440216153 a prime number?
True
Is 98277871 prime?
True
Is 1150958033 prime?
True
Is 217731323 prime?
False
Is 16027861247 a composite number?
True
Is 1989875549 a composite number?
False
Is 12727587161 a composite number?
True
Is 29709292127 prime?
True
Is 1929460315 a composite number?
True
Is 3840334021 prime?
False
Is 921856099 a prime number?
True
Is 151302616499 prime?
False
Is 19247690939 a composite number?
True
Is 2916083249 prime?
True
Is 6245668901 a composite number?
False
Is 44853136513 a composite number?
False
Is 457412513 a prime number?
False
Is 4405331497 a prime number?
False
Is 157689953 a prime number?
False
Is 3087692317 prime?
False
Is 1368924321 prime?
False
Is 20611536523 a prime number?
False
Is 253007507 composite?
False
Is 5696359835 prime?
False
Is 38304855539 prime?
False
Is 13334918131 composite?
False
Is 12454480421 a composite number?
False
Is 1353884803 a composite number?
True
Is 4572591169 composite?
True
Is 61661513495 a prime number?
False
Is 177460195013 a composite number?
False
Is 574241951 prime?
False
Is 5475130753 a prime number?
True
Is 13554810817 a prime number?
True
Is 16576730749 composite?
True
Is 977580683 a composite number?
True
Is 1172101313 a prime number?
False
Is 2125053199 a composite number?
True
Is 20774844317 a prime number?
False
Is 15764045665 a composite number?
True
Is 24245910147 composite?
True
Is 9735205127 prime?
True
Is 25058940553 a prime number?
True
Is 214298543 composite?
False
Is 3203595937 a composite number?
True
Is 51935593933 a composite number?
True
Is 339490535 a composite number?
True
Is 34121594491 prime?
True
Is 235849 a composite number?
False
Is 588556313 composite?
False
Is 58170129869 prime?
True
Is 3669440029 composite?
True
Is 3561466523 composite?
False
Is 154933307 prime?
False
Is 13099326937 composite?
True
Is 795224653 a prime number?
True
Is 34543525967 a composite number?
False
Is 466389848495 composite?
True
Is 2516176883 a prime number?
False
Is 17652367409 prime?
True
Is 574377343 a composite number?
True
Is 8201763989 prime?
False
Is 2496632843 a prime number?
True
Is 7403986615 a prime number?
False
Is 162518528669 a composite number?
True
Is 2453042881 prime?
True
Is 1254432169 composite?
True
Is 8648228387 prime?
False
Is 761038397 prime?
False
Is 3108615847 a composite number?
False
Is 10646669039 a prime number?
True
Is 336692687 a prime number?
True
Is 8002582213 prime?
True
Is 1473980897 a composite number?
False
Is 487190597 a prime number?
True
Is 5728625087 prime?
True
Is 93709051 a prime number?
False
Is 17116353739 a composite number?
True
Is 5455264795 prime?
False
Is 37389255509 prime?
True
Is 1577726897 prime?
False
Is 4398288031 a prime number?
True
Is 7242500543 a prime number?
False
Is 1322490167 a prime number?
True
Is 657276731 a composite number?
False
Is 10348731347 a prime number?
True
Is 3526277197 a composite number?
False
Is 335362479 prime?
False
Is 4290848587 a prime number?
False
Is 60698240119 prime?
False
Is 11255844179 prime?
False
Is 8651021381 a composite number?
True
Is 17577278959 a composite number?
False
Is 46479803297 prime?
True
Is 1409937923 prime?
True
Is 19687067461 prime?
True
Is 396462947 a prime number?
True
Is 89799139 prime?
True
Is 306666977 a composite number?
True
Is 1122784709 a composite number?
False
Is 88189385 prime?
False
Is 5139152789 a composite number?
True
Is 44890181723 prime?
True
Is 2009239 prime?
True
Is 449192251 a prime number?
False
Is 1178858231 prime?
False
Is 940793827 composite?
False
Is 11625429163 a prime number?
True
Is 541087451 a prime number?
False
Is 26201622803 a prime number?
True
Is 32995806211 a composite number?
True
Is 25027421093 composite?
False
Is 872515991 prime?
False
Is 57667301873 composite?
True
Is 9979969861 a composite number?
False
Is 59603388089 prime?
False
Is 1590881 prime?
False
Is 7151251 a composite number?
True
Is 44922074291 composite?
True
Is 17546293805 a composite number?
True
Is 2222126743 a composite number?
False
Is 6407225953 composite?
True
Is 44900981 prime?
False
Is 11215207579 a composite number?
False
Is 4830617071 prime?
False
Is 558950813 composite?
False
Is 1490580547 a prime number?
True
Is 846159337 composite?
True
Is 5153783 a composite number?
True
Is 1125809422 composite?
True
Is 1311972569 prime?
False
Is 1032449351 composite?
False
Is 303314941 a composite number?
False
Is 1477775011 prime?
False
Is 4575326779 a prime number?
False
Is 19467104473 a composite number?
False
Is 1282807033 composite?
True
Is 1473259343 a prime number?
True
Is 8711198389 a composite number?
True
Is 42981718709 composite?
False
Is 8008043987 a prime number?
False
Is 8067044309 prime?
True
Is 286238897729 prime?
True
Is 1261087853 a prime number?
True
Is 682307159 a prime number?
True
Is 33424681403 a composite number?
False
Is 50610619 a prime number?
True
Is 343768111 a prime number?
False
Is 15929029301 prime?
True
Is 177805687 a prime number?
True
Is 7738058897 composite?
True
Is 3393829073 composite?
False
Is 233818499 composite?
False
Is 16198427759 composite?
False
Is 525621367 a prime number?
True
Is 93617269073 a composite number?
False
Is 1693871747 a composite number?
False
Is 81240917167 a prime number?
False
Is 7931221003 composite?
True
Is 21560562031 a composite number?
True
Is 49716249461 prime?
True
Is 15723108343 a composite number?
False
Is 29330445607 a composite number?
True
Is 19767126209 a composite number?
True
Is 139618949 a composite number?
True
Is 1506135599 a composite 